{"id":556,"date":"2014-08-20T19:12:19","date_gmt":"2014-08-20T18:12:19","guid":{"rendered":"http:\/\/www.enfantsdumonde.be\/?page_id=556"},"modified":"2026-02-17T11:33:23","modified_gmt":"2026-02-17T10:33:23","slug":"notreasbl","status":"publish","type":"page","link":"https:\/\/enfantsdumonde.be\/test\/notreasbl\/","title":{"rendered":"Notre ASBL et ses actions"},"content":{"rendered":"\t\t<div data-elementor-type=\"wp-page\" data-elementor-id=\"556\" class=\"elementor elementor-556\">\n\t\t\t\t\t\t<section class=\"elementor-section elementor-top-section elementor-element elementor-element-1e367f8e elementor-section-boxed elementor-section-height-default elementor-section-height-default\" data-id=\"1e367f8e\" data-element_type=\"section\" data-e-type=\"section\">\n\t\t\t\t\t\t<div class=\"elementor-container elementor-column-gap-default\">\n\t\t\t\t\t<div class=\"elementor-column elementor-col-100 elementor-top-column elementor-element elementor-element-33221746\" data-id=\"33221746\" data-element_type=\"column\" data-e-type=\"column\">\n\t\t\t<div class=\"elementor-widget-wrap elementor-element-populated\">\n\t\t\t\t\t\t<div class=\"elementor-element elementor-element-fb80cce elementor-widget elementor-widget-image\" data-id=\"fb80cce\" data-element_type=\"widget\" data-e-type=\"widget\" data-widget_type=\"image.default\">\n\t\t\t\t<div class=\"elementor-widget-container\">\n\t\t\t\t\t\t\t\t\t\t\t\t\t\t\t<img fetchpriority=\"high\" width=\"1024\" height=\"384\"  class=\"attachment-large size-large wp-image-2785 lws-optimize-lazyload\" alt=\"\" srcset=\"https:\/\/enfantsdumonde.be\/test\/wp-content\/uploads\/2021\/03\/14-Sous-les-arbres-1024_lwsoptimized.webp 1024w, https:\/\/enfantsdumonde.be\/test\/wp-content\/uploads\/2021\/03\/14-Sous-les-arbres-1024_lwsoptimized-300x113.webp 300w, https:\/\/enfantsdumonde.be\/test\/wp-content\/uploads\/2021\/03\/14-Sous-les-arbres-1024_lwsoptimized-960x360.webp 960w, https:\/\/enfantsdumonde.be\/test\/wp-content\/uploads\/2021\/03\/14-Sous-les-arbres-1024_lwsoptimized-768x288.webp 768w\" sizes=\"(max-width: 1024px) 100vw, 1024px\" \/ data-src=\"https:\/\/enfantsdumonde.be\/test\/wp-content\/uploads\/2021\/03\/14-Sous-les-arbres-1024_lwsoptimized.webp\">\t\t\t\t\t\t\t\t\t\t\t\t\t\t\t<\/div>\n\t\t\t\t<\/div>\n\t\t\t\t\t<\/div>\n\t\t<\/div>\n\t\t\t\t\t<\/div>\n\t\t<\/section>\n\t\t\t\t<section class=\"elementor-section elementor-top-section elementor-element elementor-element-f91e6cf elementor-section-boxed elementor-section-height-default elementor-section-height-default\" data-id=\"f91e6cf\" data-element_type=\"section\" data-e-type=\"section\">\n\t\t\t\t\t\t<div class=\"elementor-container elementor-column-gap-default\">\n\t\t\t\t\t<div class=\"elementor-column elementor-col-100 elementor-top-column elementor-element elementor-element-a150de5\" data-id=\"a150de5\" data-element_type=\"column\" data-e-type=\"column\">\n\t\t\t<div class=\"elementor-widget-wrap elementor-element-populated\">\n\t\t\t\t\t\t<div class=\"elementor-element elementor-element-2d7319b elementor-widget elementor-widget-text-editor\" data-id=\"2d7319b\" data-element_type=\"widget\" data-e-type=\"widget\" data-widget_type=\"text-editor.default\">\n\t\t\t\t<div class=\"elementor-widget-container\">\n\t\t\t\t\t\t\t\t\t<p>Enfants du Monde &#8211; Belgique (EDM) est une ASBL belge, dont le but est l\u2019aide \u00e0 l\u2019enfance d\u00e9sh\u00e9rit\u00e9e des pays en d\u00e9veloppement. Elle est reconnue par l\u2019\u00c9tat et b\u00e9n\u00e9ficie de la d\u00e9ductibilit\u00e9 fiscale.<\/p><p>Enfants du Monde agit dans deux domaines :<br \/>&#8211; les <strong><a href=\"https:\/\/www.enfantsdumonde.be\/bourses\/\" target=\"_blank\" rel=\"noopener\">bourses de scolarisation<\/a> ou parrainages<\/strong>, qui permettent, gr\u00e2ce \u00e0 l&rsquo;appui financier de donateurs ou parrains, \u00e0 des enfants d&rsquo;\u00eatre \u00e9duqu\u00e9s et d&rsquo;acc\u00e9der ainsi \u00e0 un avenir meilleur. <br \/>&#8211; les<a href=\"https:\/\/www.enfantsdumonde.be\/projets\/\" target=\"_blank\" rel=\"noopener\"><strong> projets\u00a0<\/strong><\/a>qui doivent \u00eatre en lien direct avec la survie de l\u2019enfant dans son environnement, \u00e0 savoir l\u2019enseignement permettant \u00e0 l\u2019enfant d\u2019avoir une \u00e9ducation de base, l\u2019environnement propice \u00e0 l\u2019alimentation de base et les soins de sant\u00e9.<strong><br \/><\/strong><\/p><p>L\u2019association agit ainsi dans 14 pays du tiers-monde (bourses d&rsquo;\u00e9tudes afin d\u2019assurer la scolarit\u00e9 d\u2019enfants, constructions, r\u00e9novations, dispensaires, cr\u00e8ches, orphelinats, homes pour enfants handicap\u00e9s, fournitures scolaires, parfois salaires d\u2019enseignants, etc.) et tous les membres sont b\u00e9n\u00e9voles.<\/p><h1 style=\"text-align: center;\"><strong>UN EURO VERS\u00c9 EST UN EURO ENVOY\u00c9 SUR PLACE !<\/strong><\/h1><p>Le but des b\u00e9n\u00e9voles qui composent l\u2019association est de r\u00e9pondre \u00e0 des appels urgents ou ponctuels li\u00e9s aux <strong>projets accept\u00e9s par l&rsquo;OA<\/strong> (organisme d&rsquo;administration) dont les b\u00e9n\u00e9ficiaires sont des enfants.<\/p><p>Les membres d&rsquo;EDM visitent sur place les diff\u00e9rents projets et leurs responsables \u00e0 leurs frais et s&rsquo;assurent de la bonne utilisation des fonds vers\u00e9s. Une fois le contact \u00e9tabli, ils utilisent aussi, de plus en plus, les moyens modernes de communication (Internet, WhatsApp, smartphone, photos, etc\u2026)<\/p><p>EDM r\u00e9alise diverses actions. Ces activit\u00e9s contribuent non seulement \u00e0 assurer le paiement des frais de gestion de l\u2019ASBL (aussi couverts par la location de notre b\u00e2timent), mais encore \u00e0 apporter les fonds n\u00e9cessaires \u00e0 nos projets dans le tiers-monde.<\/p><div id=\"ConnectiveDocSignExtentionInstalled\" data-extension-version=\"1.0.4\">\u00a0<\/div>\t\t\t\t\t\t\t\t<\/div>\n\t\t\t\t<\/div>\n\t\t\t\t\t<\/div>\n\t\t<\/div>\n\t\t\t\t\t<\/div>\n\t\t<\/section>\n\t\t\t\t<section class=\"elementor-section elementor-top-section elementor-element elementor-element-b4661c5 elementor-section-boxed elementor-section-height-default elementor-section-height-default\" data-id=\"b4661c5\" data-element_type=\"section\" data-e-type=\"section\">\n\t\t\t\t\t\t<div class=\"elementor-container elementor-column-gap-default\">\n\t\t\t\t\t<div class=\"elementor-column elementor-col-100 elementor-top-column elementor-element elementor-element-2ad4664\" data-id=\"2ad4664\" data-element_type=\"column\" data-e-type=\"column\">\n\t\t\t<div class=\"elementor-widget-wrap elementor-element-populated\">\n\t\t\t\t\t\t<div class=\"elementor-element elementor-element-a83933a elementor-widget elementor-widget-text-editor\" data-id=\"a83933a\" data-element_type=\"widget\" data-e-type=\"widget\" data-widget_type=\"text-editor.default\">\n\t\t\t\t<div class=\"elementor-widget-container\">\n\t\t\t\t\t\t\t\t\t<h2>Notre si\u00e8ge social<\/h2>\n<p>Rue Paradis 90, 4000 Li\u00e8ge<br \/><span class=\"emltp\">+32 (0)496 35 00 66<br \/><\/span><\/p>\n<p>Nous vous invitons \u00e0 nous contacter par mail<br \/><strong>Courriel<\/strong> : <a href=\"mailto:info@enfantsdumonde.be\" target=\"_blank\" rel=\"noopener\">info@enfantsdumonde.be<\/a><\/p>\n<p>Site Web : <a href=\"https:\/\/www.enfantsdumonde.be\">www.enfantsdumonde.be<\/a><br \/>Facebook : <a href=\"https:\/\/www.facebook.com\/enfantsdumondebelgique\" target=\"_blank\" rel=\"noopener\">www.facebook.com\/enfantsdumondebelgique<\/a><\/p>\n<p>Les dons \u00e0 Enfants du Monde ASBL (EDM \u2013 BE 0409.489.953) permettent la d\u00e9ductibilit\u00e9 fiscale pour les dons \u00e9gaux ou sup\u00e9rieurs \u00e0 40 euros par an. EDM est agr\u00e9\u00e9e par le Minist\u00e8re des Finances.<\/p>\n<p>Comptes bancaires :<br \/>BE09 2600 0890 3457 (bourses de scolarisation et dons)<br \/>BE91 2700 2853 0076 (actions, projets et journal)<br \/>BE30 0011 5145 9011<\/p>\n<p>BIC : GEBABEBB<\/p>\t\t\t\t\t\t\t\t<\/div>\n\t\t\t\t<\/div>\n\t\t\t\t\t<\/div>\n\t\t<\/div>\n\t\t\t\t\t<\/div>\n\t\t<\/section>\n\t\t\t\t<section class=\"elementor-section elementor-top-section elementor-element elementor-element-d9136f3 elementor-section-boxed elementor-section-height-default elementor-section-height-default\" data-id=\"d9136f3\" data-element_type=\"section\" data-e-type=\"section\">\n\t\t\t\t\t\t<div class=\"elementor-container elementor-column-gap-default\">\n\t\t\t\t\t<div class=\"elementor-column elementor-col-100 elementor-top-column elementor-element elementor-element-dfd3571\" data-id=\"dfd3571\" data-element_type=\"column\" data-e-type=\"column\">\n\t\t\t<div class=\"elementor-widget-wrap elementor-element-populated\">\n\t\t\t\t\t\t<div class=\"elementor-element elementor-element-ae3ce8b elementor-widget elementor-widget-text-editor\" data-id=\"ae3ce8b\" data-element_type=\"widget\" data-e-type=\"widget\" data-widget_type=\"text-editor.default\">\n\t\t\t\t<div class=\"elementor-widget-container\">\n\t\t\t\t\t\t\t\t\t<h2>EDM est reconnue :<\/h2><ul><li>par le <strong>Minist\u00e8re de la Coop\u00e9ration au D\u00e9veloppement<\/strong> comme organisme apportant une aide effective \u00e0 des pays en d\u00e9veloppement.<\/li><li>l&rsquo;ASBL ENFANTS DU MONDE b\u00e9n\u00e9ficie de l&rsquo;agr\u00e9ment fiscal par le <strong>Service Public F\u00e9d\u00e9ral des Finances<\/strong> apr\u00e8s examen de ses activit\u00e9s dans le domaine de l\u2019aide au d\u00e9veloppement. Ses donateurs peuvent ainsi b\u00e9n\u00e9ficier d\u2019une exon\u00e9ration fiscale pour les dons atteignant au moins \u20ac 40 par ann\u00e9e.<\/li><\/ul><div id=\"ConnectiveDocSignExtentionInstalled\" data-extension-version=\"1.0.4\">\u00a0<\/div>\t\t\t\t\t\t\t\t<\/div>\n\t\t\t\t<\/div>\n\t\t\t\t\t<\/div>\n\t\t<\/div>\n\t\t\t\t\t<\/div>\n\t\t<\/section>\n\t\t\t\t<\/div>\n\t\t","protected":false},"excerpt":{"rendered":"<p>Enfants du Monde &#8211; Belgique (EDM) est une ASBL belge, dont le but est l\u2019aide \u00e0 l\u2019enfance d\u00e9sh\u00e9rit\u00e9e des pays en d\u00e9veloppement. Elle est reconnue par l\u2019\u00c9tat et b\u00e9n\u00e9ficie de la d\u00e9ductibilit\u00e9 fiscale. Enfants du Monde agit dans deux domaines :&#8211; les bourses de scolarisation ou parrainages, qui permettent, gr\u00e2ce \u00e0 l&rsquo;appui financier de donateurs [&hellip;]<\/p>\n","protected":false},"author":5,"featured_media":0,"parent":0,"menu_order":0,"comment_status":"closed","ping_status":"closed","template":"","meta":{"ocean_post_layout":"","ocean_both_sidebars_style":"","ocean_both_sidebars_content_width":0,"ocean_both_sidebars_sidebars_width":0,"ocean_sidebar":"","ocean_second_sidebar":"","ocean_disable_margins":"enable","ocean_add_body_class":"","ocean_shortcode_before_top_bar":"","ocean_shortcode_after_top_bar":"","ocean_shortcode_before_header":"","ocean_shortcode_after_header":"","ocean_has_shortcode":"","ocean_shortcode_after_title":"","ocean_shortcode_before_footer_widgets":"","ocean_shortcode_after_footer_widgets":"","ocean_shortcode_before_footer_bottom":"","ocean_shortcode_after_footer_bottom":"","ocean_display_top_bar":"default","ocean_display_header":"default","ocean_header_style":"","ocean_center_header_left_menu":"","ocean_custom_header_template":"","ocean_custom_logo":0,"ocean_custom_retina_logo":0,"ocean_custom_logo_max_width":0,"ocean_custom_logo_tablet_max_width":0,"ocean_custom_logo_mobile_max_width":0,"ocean_custom_logo_max_height":0,"ocean_custom_logo_tablet_max_height":0,"ocean_custom_logo_mobile_max_height":0,"ocean_header_custom_menu":"","ocean_menu_typo_font_family":"","ocean_menu_typo_font_subset":"","ocean_menu_typo_font_size":0,"ocean_menu_typo_font_size_tablet":0,"ocean_menu_typo_font_size_mobile":0,"ocean_menu_typo_font_size_unit":"px","ocean_menu_typo_font_weight":"","ocean_menu_typo_font_weight_tablet":"","ocean_menu_typo_font_weight_mobile":"","ocean_menu_typo_transform":"","ocean_menu_typo_transform_tablet":"","ocean_menu_typo_transform_mobile":"","ocean_menu_typo_line_height":0,"ocean_menu_typo_line_height_tablet":0,"ocean_menu_typo_line_height_mobile":0,"ocean_menu_typo_line_height_unit":"","ocean_menu_typo_spacing":0,"ocean_menu_typo_spacing_tablet":0,"ocean_menu_typo_spacing_mobile":0,"ocean_menu_typo_spacing_unit":"","ocean_menu_link_color":"","ocean_menu_link_color_hover":"","ocean_menu_link_color_active":"","ocean_menu_link_background":"","ocean_menu_link_hover_background":"","ocean_menu_link_active_background":"","ocean_menu_social_links_bg":"","ocean_menu_social_hover_links_bg":"","ocean_menu_social_links_color":"","ocean_menu_social_hover_links_color":"","ocean_disable_title":"default","ocean_disable_heading":"default","ocean_post_title":"","ocean_post_subheading":"","ocean_post_title_style":"","ocean_post_title_background_color":"","ocean_post_title_background":0,"ocean_post_title_bg_image_position":"","ocean_post_title_bg_image_attachment":"","ocean_post_title_bg_image_repeat":"","ocean_post_title_bg_image_size":"","ocean_post_title_height":0,"ocean_post_title_bg_overlay":0.5,"ocean_post_title_bg_overlay_color":"","ocean_disable_breadcrumbs":"default","ocean_breadcrumbs_color":"","ocean_breadcrumbs_separator_color":"","ocean_breadcrumbs_links_color":"","ocean_breadcrumbs_links_hover_color":"","ocean_display_footer_widgets":"default","ocean_display_footer_bottom":"default","ocean_custom_footer_template":"","_mc_calendar":[],"footnotes":""},"class_list":["post-556","page","type-page","status-publish","hentry","entry"],"aioseo_notices":[],"_links":{"self":[{"href":"https:\/\/enfantsdumonde.be\/test\/wp-json\/wp\/v2\/pages\/556","targetHints":{"allow":["GET"]}}],"collection":[{"href":"https:\/\/enfantsdumonde.be\/test\/wp-json\/wp\/v2\/pages"}],"about":[{"href":"https:\/\/enfantsdumonde.be\/test\/wp-json\/wp\/v2\/types\/page"}],"author":[{"embeddable":true,"href":"https:\/\/enfantsdumonde.be\/test\/wp-json\/wp\/v2\/users\/5"}],"replies":[{"embeddable":true,"href":"https:\/\/enfantsdumonde.be\/test\/wp-json\/wp\/v2\/comments?post=556"}],"version-history":[{"count":4,"href":"https:\/\/enfantsdumonde.be\/test\/wp-json\/wp\/v2\/pages\/556\/revisions"}],"predecessor-version":[{"id":12241,"href":"https:\/\/enfantsdumonde.be\/test\/wp-json\/wp\/v2\/pages\/556\/revisions\/12241"}],"wp:attachment":[{"href":"https:\/\/enfantsdumonde.be\/test\/wp-json\/wp\/v2\/media?parent=556"}],"curies":[{"name":"wp","href":"https:\/\/api.w.org\/{rel}","templated":true}]}}