{"id":47,"date":"2014-04-13T08:45:18","date_gmt":"2014-04-13T06:45:18","guid":{"rendered":"http:\/\/localhost\/enfantsdumonde\/?page_id=47"},"modified":"2026-02-20T17:16:42","modified_gmt":"2026-02-20T16:16:42","slug":"mali","status":"publish","type":"page","link":"https:\/\/enfantsdumonde.be\/test\/afrique\/mali\/","title":{"rendered":"Mali"},"content":{"rendered":"\t\t<div data-elementor-type=\"wp-page\" data-elementor-id=\"47\" class=\"elementor elementor-47\">\n\t\t\t\t\t\t<section class=\"elementor-section elementor-top-section elementor-element elementor-element-993b0b3 elementor-section-boxed elementor-section-height-default elementor-section-height-default\" data-id=\"993b0b3\" data-element_type=\"section\" data-e-type=\"section\">\n\t\t\t\t\t\t<div class=\"elementor-container elementor-column-gap-default\">\n\t\t\t\t\t<div class=\"elementor-column elementor-col-100 elementor-top-column elementor-element elementor-element-1f0ec00\" data-id=\"1f0ec00\" data-element_type=\"column\" data-e-type=\"column\">\n\t\t\t<div class=\"elementor-widget-wrap elementor-element-populated\">\n\t\t\t\t\t\t<section class=\"elementor-section elementor-inner-section elementor-element elementor-element-290dd41 elementor-section-boxed elementor-section-height-default elementor-section-height-default\" data-id=\"290dd41\" data-element_type=\"section\" data-e-type=\"section\">\n\t\t\t\t\t\t<div class=\"elementor-container elementor-column-gap-default\">\n\t\t\t\t\t<div class=\"elementor-column elementor-col-100 elementor-inner-column elementor-element elementor-element-1327a79\" data-id=\"1327a79\" data-element_type=\"column\" data-e-type=\"column\">\n\t\t\t<div class=\"elementor-widget-wrap elementor-element-populated\">\n\t\t\t\t\t\t<div class=\"elementor-element elementor-element-6d8a3e3 elementor-widget elementor-widget-image\" data-id=\"6d8a3e3\" data-element_type=\"widget\" data-e-type=\"widget\" data-widget_type=\"image.default\">\n\t\t\t\t<div class=\"elementor-widget-container\">\n\t\t\t\t\t\t\t\t\t\t\t\t\t\t\t<img width=\"110\" height=\"73\"  class=\"attachment-large size-large wp-image-3305 lws-optimize-lazyload\" alt=\"\" \/ data-src=\"https:\/\/enfantsdumonde.be\/test\/wp-content\/uploads\/2021\/03\/Mali-flag.svg_lwsoptimized.webp\">\t\t\t\t\t\t\t\t\t\t\t\t\t\t\t<\/div>\n\t\t\t\t<\/div>\n\t\t\t\t<div class=\"elementor-element elementor-element-6eeaf4e elementor-widget elementor-widget-image\" data-id=\"6eeaf4e\" data-element_type=\"widget\" data-e-type=\"widget\" data-widget_type=\"image.default\">\n\t\t\t\t<div class=\"elementor-widget-container\">\n\t\t\t\t\t\t\t\t\t\t\t\t<figure class=\"wp-caption\">\n\t\t\t\t\t\t\t\t\t\t<img fetchpriority=\"high\" width=\"1000\" height=\"1000\"  class=\"attachment-full size-full wp-image-5015 lws-optimize-lazyload\" alt=\"\" srcset=\"https:\/\/enfantsdumonde.be\/test\/wp-content\/uploads\/2021\/03\/Mali_Map_UNOCHA.svg_lwsoptimized.webp 1000w, https:\/\/enfantsdumonde.be\/test\/wp-content\/uploads\/2021\/03\/Mali_Map_UNOCHA.svg_lwsoptimized-300x300.webp 300w, https:\/\/enfantsdumonde.be\/test\/wp-content\/uploads\/2021\/03\/Mali_Map_UNOCHA.svg_lwsoptimized-768x768.webp 768w, https:\/\/enfantsdumonde.be\/test\/wp-content\/uploads\/2021\/03\/Mali_Map_UNOCHA.svg_lwsoptimized-600x600.webp 600w\" sizes=\"(max-width: 1000px) 100vw, 1000px\" \/ data-src=\"https:\/\/enfantsdumonde.be\/test\/wp-content\/uploads\/2021\/03\/Mali_Map_UNOCHA.svg_lwsoptimized.webp\">\t\t\t\t\t\t\t\t\t\t\t<figcaption class=\"widget-image-caption wp-caption-text\">Credit: OCHA<\/figcaption>\n\t\t\t\t\t\t\t\t\t\t<\/figure>\n\t\t\t\t\t\t\t\t\t<\/div>\n\t\t\t\t<\/div>\n\t\t\t\t\t<\/div>\n\t\t<\/div>\n\t\t\t\t\t<\/div>\n\t\t<\/section>\n\t\t\t\t\t<\/div>\n\t\t<\/div>\n\t\t\t\t\t<\/div>\n\t\t<\/section>\n\t\t\t\t<section class=\"elementor-section elementor-top-section elementor-element elementor-element-a43b527 elementor-section-boxed elementor-section-height-default elementor-section-height-default\" data-id=\"a43b527\" data-element_type=\"section\" data-e-type=\"section\">\n\t\t\t\t\t\t<div class=\"elementor-container elementor-column-gap-default\">\n\t\t\t\t\t<div class=\"elementor-column elementor-col-100 elementor-top-column elementor-element elementor-element-7378b99\" data-id=\"7378b99\" data-element_type=\"column\" data-e-type=\"column\">\n\t\t\t<div class=\"elementor-widget-wrap elementor-element-populated\">\n\t\t\t\t\t\t<div class=\"elementor-element elementor-element-89ba707 elementor-widget elementor-widget-text-editor\" data-id=\"89ba707\" data-element_type=\"widget\" data-e-type=\"widget\" data-widget_type=\"text-editor.default\">\n\t\t\t\t<div class=\"elementor-widget-container\">\n\t\t\t\t\t\t\t\t\t<p>Le <b>Mali<\/b> est un \u00c9tat d&rsquo;Afrique de l&rsquo;Ouest, frontalier de la Mauritanie \u00e0 l&rsquo;ouest, de l&rsquo;Alg\u00e9rie au nord-nord-est, du Niger \u00e0 l&rsquo;est, du Burkina Faso et de la C\u00f4te d&rsquo;Ivoire au sud-sud-ouest, de la Guin\u00e9e au sud-ouest et du S\u00e9n\u00e9gal \u00e0 l&rsquo;ouest-sud-ouest.<\/p><p>Ancienne colonie fran\u00e7aise du Soudan fran\u00e7ais, le Mali est devenu ind\u00e9pendant le <time class=\"nowrap date-lien\" datetime=\"1960-09-22\" data-sort-value=\"1960-09-22\">22 septembre 1960<\/time>. Sa devise est <span class=\"citation\">\u00ab un peuple, un but, une foi \u00bb.<\/span><\/p><p>Avec 19\u00a0millions de r\u00e9sidents, la population malienne est constitu\u00e9e de diff\u00e9rentes ethnies, dont les principales sont les Bambaras, les Bobos, les Bozos, les Dogons, les Khassonk\u00e9s, les Malink\u00e9s, les Miniankas, les Peuls, les S\u00e9noufos, les Sonink\u00e9s (ou Sarakol\u00e9s), les Sonrha\u00efs, les Touaregs, les Toucouleurs. Le fran\u00e7ais est la langue officielle, mais la population parle majoritairement les langues nationales, le bambara \u00e9tant la plus utilis\u00e9e et servant, parall\u00e8lement au fran\u00e7ais, de langue v\u00e9hiculaire.<\/p><p>Avec une \u00e9conomie essentiellement rurale, le Mali, pays enclav\u00e9, fait partie des pays les moins avanc\u00e9s sur le plan du d\u00e9veloppement socio-\u00e9conomique.<\/p><p><a href=\"https:\/\/fr.wikipedia.org\/wiki\/Mali\" target=\"_blank\" rel=\"noopener\">https:\/\/fr.wikipedia.org\/wiki\/Mali<\/a><\/p>\t\t\t\t\t\t\t\t<\/div>\n\t\t\t\t<\/div>\n\t\t\t\t\t<\/div>\n\t\t<\/div>\n\t\t\t\t\t<\/div>\n\t\t<\/section>\n\t\t\t\t<section class=\"elementor-section elementor-top-section elementor-element elementor-element-e731cea elementor-section-boxed elementor-section-height-default elementor-section-height-default\" data-id=\"e731cea\" data-element_type=\"section\" data-e-type=\"section\">\n\t\t\t\t\t\t<div class=\"elementor-container elementor-column-gap-default\">\n\t\t\t\t\t<div class=\"elementor-column elementor-col-100 elementor-top-column elementor-element elementor-element-0d6f805\" data-id=\"0d6f805\" data-element_type=\"column\" data-e-type=\"column\">\n\t\t\t<div class=\"elementor-widget-wrap elementor-element-populated\">\n\t\t\t\t\t\t<div class=\"elementor-element elementor-element-6d13f45 elementor-widget elementor-widget-text-editor\" data-id=\"6d13f45\" data-element_type=\"widget\" data-e-type=\"widget\" data-widget_type=\"text-editor.default\">\n\t\t\t\t<div class=\"elementor-widget-container\">\n\t\t\t\t\t\t\t\t\t<h2>Maison et projets :<\/h2><p><a href=\"https:\/\/www.enfantsdumonde.be\/236-kani-bonzon\/\" target=\"_blank\" rel=\"noopener\">236 &#8211; Kani Bozon<\/a><br \/><a href=\"https:\/\/www.enfantsdumonde.be\/236-ecoles-mali\/\" target=\"_blank\" rel=\"noopener\">236 &#8211; Diverses \u00e9coles aid\u00e9es<\/a><br \/><a href=\"https:\/\/www.enfantsdumonde.be\/afrique\/mali\/249-becs\/\" target=\"_blank\" rel=\"noopener\">249 &#8211; Op\u00e9rations Becs de li\u00e8vre<\/a><\/p><div id=\"ConnectiveDocSignExtentionInstalled\" data-extension-version=\"1.0.4\">\u00a0<\/div>\t\t\t\t\t\t\t\t<\/div>\n\t\t\t\t<\/div>\n\t\t\t\t\t<\/div>\n\t\t<\/div>\n\t\t\t\t\t<\/div>\n\t\t<\/section>\n\t\t\t\t<\/div>\n\t\t","protected":false},"excerpt":{"rendered":"<p>Credit: OCHA Le Mali est un \u00c9tat d&rsquo;Afrique de l&rsquo;Ouest, frontalier de la Mauritanie \u00e0 l&rsquo;ouest, de l&rsquo;Alg\u00e9rie au nord-nord-est, du Niger \u00e0 l&rsquo;est, du Burkina Faso et de la C\u00f4te d&rsquo;Ivoire au sud-sud-ouest, de la Guin\u00e9e au sud-ouest et du S\u00e9n\u00e9gal \u00e0 l&rsquo;ouest-sud-ouest. Ancienne colonie fran\u00e7aise du Soudan fran\u00e7ais, le Mali est devenu ind\u00e9pendant [&hellip;]<\/p>\n","protected":false},"author":5,"featured_media":0,"parent":19,"menu_order":0,"comment_status":"closed","ping_status":"closed","template":"","meta":{"ocean_post_layout":"","ocean_both_sidebars_style":"","ocean_both_sidebars_content_width":0,"ocean_both_sidebars_sidebars_width":0,"ocean_sidebar":"","ocean_second_sidebar":"","ocean_disable_margins":"enable","ocean_add_body_class":"","ocean_shortcode_before_top_bar":"","ocean_shortcode_after_top_bar":"","ocean_shortcode_before_header":"","ocean_shortcode_after_header":"","ocean_has_shortcode":"","ocean_shortcode_after_title":"","ocean_shortcode_before_footer_widgets":"","ocean_shortcode_after_footer_widgets":"","ocean_shortcode_before_footer_bottom":"","ocean_shortcode_after_footer_bottom":"","ocean_display_top_bar":"default","ocean_display_header":"default","ocean_header_style":"","ocean_center_header_left_menu":"","ocean_custom_header_template":"","ocean_custom_logo":0,"ocean_custom_retina_logo":0,"ocean_custom_logo_max_width":0,"ocean_custom_logo_tablet_max_width":0,"ocean_custom_logo_mobile_max_width":0,"ocean_custom_logo_max_height":0,"ocean_custom_logo_tablet_max_height":0,"ocean_custom_logo_mobile_max_height":0,"ocean_header_custom_menu":"","ocean_menu_typo_font_family":"","ocean_menu_typo_font_subset":"","ocean_menu_typo_font_size":0,"ocean_menu_typo_font_size_tablet":0,"ocean_menu_typo_font_size_mobile":0,"ocean_menu_typo_font_size_unit":"px","ocean_menu_typo_font_weight":"","ocean_menu_typo_font_weight_tablet":"","ocean_menu_typo_font_weight_mobile":"","ocean_menu_typo_transform":"","ocean_menu_typo_transform_tablet":"","ocean_menu_typo_transform_mobile":"","ocean_menu_typo_line_height":0,"ocean_menu_typo_line_height_tablet":0,"ocean_menu_typo_line_height_mobile":0,"ocean_menu_typo_line_height_unit":"","ocean_menu_typo_spacing":0,"ocean_menu_typo_spacing_tablet":0,"ocean_menu_typo_spacing_mobile":0,"ocean_menu_typo_spacing_unit":"","ocean_menu_link_color":"","ocean_menu_link_color_hover":"","ocean_menu_link_color_active":"","ocean_menu_link_background":"","ocean_menu_link_hover_background":"","ocean_menu_link_active_background":"","ocean_menu_social_links_bg":"","ocean_menu_social_hover_links_bg":"","ocean_menu_social_links_color":"","ocean_menu_social_hover_links_color":"","ocean_disable_title":"default","ocean_disable_heading":"default","ocean_post_title":"","ocean_post_subheading":"","ocean_post_title_style":"","ocean_post_title_background_color":"","ocean_post_title_background":0,"ocean_post_title_bg_image_position":"","ocean_post_title_bg_image_attachment":"","ocean_post_title_bg_image_repeat":"","ocean_post_title_bg_image_size":"","ocean_post_title_height":0,"ocean_post_title_bg_overlay":0.5,"ocean_post_title_bg_overlay_color":"","ocean_disable_breadcrumbs":"default","ocean_breadcrumbs_color":"","ocean_breadcrumbs_separator_color":"","ocean_breadcrumbs_links_color":"","ocean_breadcrumbs_links_hover_color":"","ocean_display_footer_widgets":"default","ocean_display_footer_bottom":"default","ocean_custom_footer_template":"","_mc_calendar":[],"footnotes":""},"class_list":["post-47","page","type-page","status-publish","hentry","entry"],"aioseo_notices":[],"_links":{"self":[{"href":"https:\/\/enfantsdumonde.be\/test\/wp-json\/wp\/v2\/pages\/47","targetHints":{"allow":["GET"]}}],"collection":[{"href":"https:\/\/enfantsdumonde.be\/test\/wp-json\/wp\/v2\/pages"}],"about":[{"href":"https:\/\/enfantsdumonde.be\/test\/wp-json\/wp\/v2\/types\/page"}],"author":[{"embeddable":true,"href":"https:\/\/enfantsdumonde.be\/test\/wp-json\/wp\/v2\/users\/5"}],"replies":[{"embeddable":true,"href":"https:\/\/enfantsdumonde.be\/test\/wp-json\/wp\/v2\/comments?post=47"}],"version-history":[{"count":3,"href":"https:\/\/enfantsdumonde.be\/test\/wp-json\/wp\/v2\/pages\/47\/revisions"}],"predecessor-version":[{"id":12481,"href":"https:\/\/enfantsdumonde.be\/test\/wp-json\/wp\/v2\/pages\/47\/revisions\/12481"}],"up":[{"embeddable":true,"href":"https:\/\/enfantsdumonde.be\/test\/wp-json\/wp\/v2\/pages\/19"}],"wp:attachment":[{"href":"https:\/\/enfantsdumonde.be\/test\/wp-json\/wp\/v2\/media?parent=47"}],"curies":[{"name":"wp","href":"https:\/\/api.w.org\/{rel}","templated":true}]}}

<div data-elementor-type="wp-page" data-elementor-id="47" class="elementor elementor-47">
						<section class="elementor-section elementor-top-section elementor-element elementor-element-993b0b3 elementor-section-boxed elementor-section-height-default elementor-section-height-default" data-id="993b0b3" data-element_type="section" data-e-type="section">
						<div class="elementor-container elementor-column-gap-default">
					<div class="elementor-column elementor-col-100 elementor-top-column elementor-element elementor-element-1f0ec00" data-id="1f0ec00" data-element_type="column" data-e-type="column">
			<div class="elementor-widget-wrap elementor-element-populated">
						<section class="elementor-section elementor-inner-section elementor-element elementor-element-290dd41 elementor-section-boxed elementor-section-height-default elementor-section-height-default" data-id="290dd41" data-element_type="section" data-e-type="section">
						<div class="elementor-container elementor-column-gap-default">
					<div class="elementor-column elementor-col-100 elementor-inner-column elementor-element elementor-element-1327a79" data-id="1327a79" data-element_type="column" data-e-type="column">
			<div class="elementor-widget-wrap elementor-element-populated">
						<div class="elementor-element elementor-element-6d8a3e3 elementor-widget elementor-widget-image" data-id="6d8a3e3" data-element_type="widget" data-e-type="widget" data-widget_type="image.default">
				<div class="elementor-widget-container">
															<img width="110" height="73"  class="attachment-large size-large wp-image-3305 lws-optimize-lazyload" alt="" / data-src="https://enfantsdumonde.be/test/wp-content/uploads/2021/03/Mali-flag.svg_lwsoptimized.webp">															</div>
				</div>
				<div class="elementor-element elementor-element-6eeaf4e elementor-widget elementor-widget-image" data-id="6eeaf4e" data-element_type="widget" data-e-type="widget" data-widget_type="image.default">
				<div class="elementor-widget-container">
												<figure class="wp-caption">
										<img fetchpriority="high" width="1000" height="1000"  class="attachment-full size-full wp-image-5015 lws-optimize-lazyload" alt="" srcset="https://enfantsdumonde.be/test/wp-content/uploads/2021/03/Mali_Map_UNOCHA.svg_lwsoptimized.webp 1000w, https://enfantsdumonde.be/test/wp-content/uploads/2021/03/Mali_Map_UNOCHA.svg_lwsoptimized-300x300.webp 300w, https://enfantsdumonde.be/test/wp-content/uploads/2021/03/Mali_Map_UNOCHA.svg_lwsoptimized-768x768.webp 768w, https://enfantsdumonde.be/test/wp-content/uploads/2021/03/Mali_Map_UNOCHA.svg_lwsoptimized-600x600.webp 600w" sizes="(max-width: 1000px) 100vw, 1000px" / data-src="https://enfantsdumonde.be/test/wp-content/uploads/2021/03/Mali_Map_UNOCHA.svg_lwsoptimized.webp">											<figcaption class="widget-image-caption wp-caption-text">Credit: OCHA</figcaption>
										</figure>
									</div>
				</div>
					</div>
		</div>
					</div>
		</section>
					</div>
		</div>
					</div>
		</section>
				<section class="elementor-section elementor-top-section elementor-element elementor-element-a43b527 elementor-section-boxed elementor-section-height-default elementor-section-height-default" data-id="a43b527" data-element_type="section" data-e-type="section">
						<div class="elementor-container elementor-column-gap-default">
					<div class="elementor-column elementor-col-100 elementor-top-column elementor-element elementor-element-7378b99" data-id="7378b99" data-element_type="column" data-e-type="column">
			<div class="elementor-widget-wrap elementor-element-populated">
						<div class="elementor-element elementor-element-89ba707 elementor-widget elementor-widget-text-editor" data-id="89ba707" data-element_type="widget" data-e-type="widget" data-widget_type="text-editor.default">
				<div class="elementor-widget-container">
									<p>Le <b>Mali</b> est un État d&rsquo;Afrique de l&rsquo;Ouest, frontalier de la Mauritanie à l&rsquo;ouest, de l&rsquo;Algérie au nord-nord-est, du Niger à l&rsquo;est, du Burkina Faso et de la Côte d&rsquo;Ivoire au sud-sud-ouest, de la Guinée au sud-ouest et du Sénégal à l&rsquo;ouest-sud-ouest.</p><p>Ancienne colonie française du Soudan français, le Mali est devenu indépendant le <time class="nowrap date-lien" datetime="1960-09-22" data-sort-value="1960-09-22">22 septembre 1960</time>. Sa devise est <span class="citation">« un peuple, un but, une foi ».</span></p><p>Avec 19 millions de résidents, la population malienne est constituée de différentes ethnies, dont les principales sont les Bambaras, les Bobos, les Bozos, les Dogons, les Khassonkés, les Malinkés, les Miniankas, les Peuls, les Sénoufos, les Soninkés (ou Sarakolés), les Sonrhaïs, les Touaregs, les Toucouleurs. Le français est la langue officielle, mais la population parle majoritairement les langues nationales, le bambara étant la plus utilisée et servant, parallèlement au français, de langue véhiculaire.</p><p>Avec une économie essentiellement rurale, le Mali, pays enclavé, fait partie des pays les moins avancés sur le plan du développement socio-économique.</p><p><a href="https://fr.wikipedia.org/wiki/Mali" target="_blank" rel="noopener">https://fr.wikipedia.org/wiki/Mali</a></p>								</div>
				</div>
					</div>
		</div>
					</div>
		</section>
				<section class="elementor-section elementor-top-section elementor-element elementor-element-e731cea elementor-section-boxed elementor-section-height-default elementor-section-height-default" data-id="e731cea" data-element_type="section" data-e-type="section">
						<div class="elementor-container elementor-column-gap-default">
					<div class="elementor-column elementor-col-100 elementor-top-column elementor-element elementor-element-0d6f805" data-id="0d6f805" data-element_type="column" data-e-type="column">
			<div class="elementor-widget-wrap elementor-element-populated">
						<div class="elementor-element elementor-element-6d13f45 elementor-widget elementor-widget-text-editor" data-id="6d13f45" data-element_type="widget" data-e-type="widget" data-widget_type="text-editor.default">
				<div class="elementor-widget-container">
									<h2>Maison et projets :</h2><p><a href="https://www.enfantsdumonde.be/236-kani-bonzon/" target="_blank" rel="noopener">236 &#8211; Kani Bozon</a><br /><a href="https://www.enfantsdumonde.be/236-ecoles-mali/" target="_blank" rel="noopener">236 &#8211; Diverses écoles aidées</a><br /><a href="https://www.enfantsdumonde.be/afrique/mali/249-becs/" target="_blank" rel="noopener">249 &#8211; Opérations Becs de lièvre</a></p><div id="ConnectiveDocSignExtentionInstalled" data-extension-version="1.0.4"> </div>								</div>
				</div>
					</div>
		</div>
					</div>
		</section>
				</div>

<p>Credit: OCHA Le Mali est un État d&rsquo;Afrique de l&rsquo;Ouest, frontalier de la Mauritanie à l&rsquo;ouest, de l&rsquo;Algérie au nord-nord-est, du Niger à l&rsquo;est, du Burkina Faso et de la Côte d&rsquo;Ivoire au sud-sud-ouest, de la Guinée au sud-ouest et du Sénégal à l&rsquo;ouest-sud-ouest. Ancienne colonie française du Soudan français, le Mali est devenu indépendant [&hellip;]</p>
