{"id":43,"date":"2014-04-13T08:43:39","date_gmt":"2014-04-13T07:43:39","guid":{"rendered":"http:\/\/localhost\/enfantsdumonde\/?page_id=43"},"modified":"2026-02-22T17:04:33","modified_gmt":"2026-02-22T16:04:33","slug":"haiti","status":"publish","type":"page","link":"https:\/\/enfantsdumonde.be\/test\/ameriques\/haiti\/","title":{"rendered":"Ha\u00efti"},"content":{"rendered":"\t\t<div data-elementor-type=\"wp-page\" data-elementor-id=\"43\" class=\"elementor elementor-43\">\n\t\t\t\t\t\t<section class=\"elementor-section elementor-top-section elementor-element elementor-element-8fa5f31 elementor-section-boxed elementor-section-height-default elementor-section-height-default\" data-id=\"8fa5f31\" data-element_type=\"section\" data-e-type=\"section\">\n\t\t\t\t\t\t<div class=\"elementor-container elementor-column-gap-default\">\n\t\t\t\t\t<div class=\"elementor-column elementor-col-100 elementor-top-column elementor-element elementor-element-2083c42\" data-id=\"2083c42\" data-element_type=\"column\" data-e-type=\"column\">\n\t\t\t<div class=\"elementor-widget-wrap elementor-element-populated\">\n\t\t\t\t\t\t<div class=\"elementor-element elementor-element-b0d72d4 elementor-widget elementor-widget-image\" data-id=\"b0d72d4\" data-element_type=\"widget\" data-e-type=\"widget\" data-widget_type=\"image.default\">\n\t\t\t\t<div class=\"elementor-widget-container\">\n\t\t\t\t\t\t\t\t\t\t\t\t\t\t\t<img width=\"110\" height=\"66\"  class=\"attachment-large size-large wp-image-3364 lws-optimize-lazyload\" alt=\"\" \/ data-src=\"https:\/\/enfantsdumonde.be\/test\/wp-content\/uploads\/2021\/03\/Haiti-flag.svg_lwsoptimized.webp\">\t\t\t\t\t\t\t\t\t\t\t\t\t\t\t<\/div>\n\t\t\t\t<\/div>\n\t\t\t\t<div class=\"elementor-element elementor-element-d6e56ec elementor-widget elementor-widget-image\" data-id=\"d6e56ec\" data-element_type=\"widget\" data-e-type=\"widget\" data-widget_type=\"image.default\">\n\t\t\t\t<div class=\"elementor-widget-container\">\n\t\t\t\t\t\t\t\t\t\t\t\t<figure class=\"wp-caption\">\n\t\t\t\t\t\t\t\t\t\t<img fetchpriority=\"high\" width=\"1000\" height=\"747\"  class=\"attachment-large size-large wp-image-4973 lws-optimize-lazyload\" alt=\"\" srcset=\"https:\/\/enfantsdumonde.be\/test\/wp-content\/uploads\/2021\/03\/Haiti_road_map-fr.svg_lwsoptimized.webp 1000w, https:\/\/enfantsdumonde.be\/test\/wp-content\/uploads\/2021\/03\/Haiti_road_map-fr.svg_lwsoptimized-300x224.webp 300w, https:\/\/enfantsdumonde.be\/test\/wp-content\/uploads\/2021\/03\/Haiti_road_map-fr.svg_lwsoptimized-768x574.webp 768w\" sizes=\"(max-width: 1000px) 100vw, 1000px\" \/ data-src=\"https:\/\/enfantsdumonde.be\/test\/wp-content\/uploads\/2021\/03\/Haiti_road_map-fr.svg_lwsoptimized.webp\">\t\t\t\t\t\t\t\t\t\t\t<figcaption class=\"widget-image-caption wp-caption-text\">\u00a9 R\u00e9mi Kaupp, CC-BY-SA, Wikimedia Commons<\/figcaption>\n\t\t\t\t\t\t\t\t\t\t<\/figure>\n\t\t\t\t\t\t\t\t\t<\/div>\n\t\t\t\t<\/div>\n\t\t\t\t\t<\/div>\n\t\t<\/div>\n\t\t\t\t\t<\/div>\n\t\t<\/section>\n\t\t\t\t<section class=\"elementor-section elementor-top-section elementor-element elementor-element-2876370 elementor-section-boxed elementor-section-height-default elementor-section-height-default\" data-id=\"2876370\" data-element_type=\"section\" data-e-type=\"section\">\n\t\t\t\t\t\t<div class=\"elementor-container elementor-column-gap-default\">\n\t\t\t\t\t<div class=\"elementor-column elementor-col-100 elementor-top-column elementor-element elementor-element-74078d3\" data-id=\"74078d3\" data-element_type=\"column\" data-e-type=\"column\">\n\t\t\t<div class=\"elementor-widget-wrap elementor-element-populated\">\n\t\t\t\t\t\t<div class=\"elementor-element elementor-element-fd1de02 elementor-widget elementor-widget-text-editor\" data-id=\"fd1de02\" data-element_type=\"widget\" data-e-type=\"widget\" data-widget_type=\"text-editor.default\">\n\t\t\t\t<div class=\"elementor-widget-container\">\n\t\t\t\t\t\t\t\t\t<p><b>Ha\u00efti<\/b> est un \u00c9tat des Grandes Antilles, occupant le tiers occidental de l\u2019\u00eele d&rsquo;Hispaniola (soit 27\u00a0750\u00a0<abbr class=\"abbr\" title=\"kilom\u00e8tre carr\u00e9\">km<sup>2<\/sup><\/abbr> environ), les deux tiers orientaux \u00e9tant occup\u00e9s par la R\u00e9publique dominicaine. Sa capitale est Port-au-Prince et son point culminant est le pic la Selle (2\u00a0680\u00a0<abbr class=\"abbr\" title=\"m\u00e8tre\">m<\/abbr> d\u2019altitude).<\/p><p>Ha\u00efti, surnomm\u00e9e \u00ab\u00a0la Perle des Antilles\u00a0\u00bb depuis l&rsquo;\u00e9poque coloniale, fait l&rsquo;exp\u00e9rience d&rsquo;une d\u00e9mocratie renaissante et tente de s\u2019organiser et de se reconstruire apr\u00e8s le violent s\u00e9isme du <time class=\"nowrap\" datetime=\"2010-01-12\" data-sort-value=\"2010-01-12\">12 janvier 2010.<\/time><\/p><p><a href=\"https:\/\/fr.wikipedia.org\/wiki\/Ha%C3%AFti\" target=\"_blank\" rel=\"noopener\">https:\/\/fr.wikipedia.org\/wiki\/Ha\u00efti<\/a><\/p>\t\t\t\t\t\t\t\t<\/div>\n\t\t\t\t<\/div>\n\t\t\t\t\t<\/div>\n\t\t<\/div>\n\t\t\t\t\t<\/div>\n\t\t<\/section>\n\t\t\t\t<section class=\"elementor-section elementor-top-section elementor-element elementor-element-db91fdc elementor-section-boxed elementor-section-height-default elementor-section-height-default\" data-id=\"db91fdc\" data-element_type=\"section\" data-e-type=\"section\">\n\t\t\t\t\t\t<div class=\"elementor-container elementor-column-gap-default\">\n\t\t\t\t\t<div class=\"elementor-column elementor-col-100 elementor-top-column elementor-element elementor-element-78c7de9\" data-id=\"78c7de9\" data-element_type=\"column\" data-e-type=\"column\">\n\t\t\t<div class=\"elementor-widget-wrap elementor-element-populated\">\n\t\t\t\t\t\t<div class=\"elementor-element elementor-element-bbe45d2 elementor-widget elementor-widget-heading\" data-id=\"bbe45d2\" data-element_type=\"widget\" data-e-type=\"widget\" data-widget_type=\"heading.default\">\n\t\t\t\t<div class=\"elementor-widget-container\">\n\t\t\t\t\t<h2 class=\"elementor-heading-title elementor-size-default\">Nos maisons<\/h2>\t\t\t\t<\/div>\n\t\t\t\t<\/div>\n\t\t\t\t\t<\/div>\n\t\t<\/div>\n\t\t\t\t\t<\/div>\n\t\t<\/section>\n\t\t\t\t<section class=\"elementor-section elementor-top-section elementor-element elementor-element-74dbe0f elementor-section-boxed elementor-section-height-default elementor-section-height-default\" data-id=\"74dbe0f\" data-element_type=\"section\" data-e-type=\"section\">\n\t\t\t\t\t\t<div class=\"elementor-container elementor-column-gap-default\">\n\t\t\t\t\t<div class=\"elementor-column elementor-col-100 elementor-top-column elementor-element elementor-element-4a24b8f\" data-id=\"4a24b8f\" data-element_type=\"column\" data-e-type=\"column\">\n\t\t\t<div class=\"elementor-widget-wrap elementor-element-populated\">\n\t\t\t\t\t\t<div class=\"elementor-element elementor-element-5579611 elementor-widget elementor-widget-text-editor\" data-id=\"5579611\" data-element_type=\"widget\" data-e-type=\"widget\" data-widget_type=\"text-editor.default\">\n\t\t\t\t<div class=\"elementor-widget-container\">\n\t\t\t\t\t\t\t\t\t<p><a href=\"https:\/\/www.enfantsdumonde.be\/505-haitien-mon-frere\/\/\" target=\"_blank\" rel=\"noopener\">505 &#8211; Enfant <\/a><a href=\"https:\/\/www.enfantsdumonde.be\/505-haitien-mon-frere\/\/\" target=\"_blank\" rel=\"noopener\">Ha\u00eftien <\/a><a href=\"https:\/\/www.enfantsdumonde.be\/505-ehmf\/\" target=\"_blank\" rel=\"noopener\">Mon Fr\u00e8re\u00a0 (EHMF)<\/a><br \/><a href=\"https:\/\/www.enfantsdumonde.be\/506-gonaives\/\" target=\"_blank\" rel=\"noopener\">506 &#8211; Les Gona\u00efves<\/a><\/p><div id=\"ConnectiveDocSignExtentionInstalled\" data-extension-version=\"1.0.4\">\u00a0<\/div>\t\t\t\t\t\t\t\t<\/div>\n\t\t\t\t<\/div>\n\t\t\t\t\t<\/div>\n\t\t<\/div>\n\t\t\t\t\t<\/div>\n\t\t<\/section>\n\t\t\t\t<\/div>\n\t\t","protected":false},"excerpt":{"rendered":"<p>\u00a9 R\u00e9mi Kaupp, CC-BY-SA, Wikimedia Commons Ha\u00efti est un \u00c9tat des Grandes Antilles, occupant le tiers occidental de l\u2019\u00eele d&rsquo;Hispaniola (soit 27\u00a0750\u00a0km2 environ), les deux tiers orientaux \u00e9tant occup\u00e9s par la R\u00e9publique dominicaine. Sa capitale est Port-au-Prince et son point culminant est le pic la Selle (2\u00a0680\u00a0m d\u2019altitude). Ha\u00efti, surnomm\u00e9e \u00ab\u00a0la Perle des Antilles\u00a0\u00bb depuis [&hellip;]<\/p>\n","protected":false},"author":5,"featured_media":0,"parent":15,"menu_order":0,"comment_status":"closed","ping_status":"closed","template":"","meta":{"ocean_post_layout":"","ocean_both_sidebars_style":"","ocean_both_sidebars_content_width":0,"ocean_both_sidebars_sidebars_width":0,"ocean_sidebar":"","ocean_second_sidebar":"","ocean_disable_margins":"enable","ocean_add_body_class":"","ocean_shortcode_before_top_bar":"","ocean_shortcode_after_top_bar":"","ocean_shortcode_before_header":"","ocean_shortcode_after_header":"","ocean_has_shortcode":"","ocean_shortcode_after_title":"","ocean_shortcode_before_footer_widgets":"","ocean_shortcode_after_footer_widgets":"","ocean_shortcode_before_footer_bottom":"","ocean_shortcode_after_footer_bottom":"","ocean_display_top_bar":"default","ocean_display_header":"default","ocean_header_style":"","ocean_center_header_left_menu":"","ocean_custom_header_template":"","ocean_custom_logo":0,"ocean_custom_retina_logo":0,"ocean_custom_logo_max_width":0,"ocean_custom_logo_tablet_max_width":0,"ocean_custom_logo_mobile_max_width":0,"ocean_custom_logo_max_height":0,"ocean_custom_logo_tablet_max_height":0,"ocean_custom_logo_mobile_max_height":0,"ocean_header_custom_menu":"","ocean_menu_typo_font_family":"","ocean_menu_typo_font_subset":"","ocean_menu_typo_font_size":0,"ocean_menu_typo_font_size_tablet":0,"ocean_menu_typo_font_size_mobile":0,"ocean_menu_typo_font_size_unit":"px","ocean_menu_typo_font_weight":"","ocean_menu_typo_font_weight_tablet":"","ocean_menu_typo_font_weight_mobile":"","ocean_menu_typo_transform":"","ocean_menu_typo_transform_tablet":"","ocean_menu_typo_transform_mobile":"","ocean_menu_typo_line_height":0,"ocean_menu_typo_line_height_tablet":0,"ocean_menu_typo_line_height_mobile":0,"ocean_menu_typo_line_height_unit":"","ocean_menu_typo_spacing":0,"ocean_menu_typo_spacing_tablet":0,"ocean_menu_typo_spacing_mobile":0,"ocean_menu_typo_spacing_unit":"","ocean_menu_link_color":"","ocean_menu_link_color_hover":"","ocean_menu_link_color_active":"","ocean_menu_link_background":"","ocean_menu_link_hover_background":"","ocean_menu_link_active_background":"","ocean_menu_social_links_bg":"","ocean_menu_social_hover_links_bg":"","ocean_menu_social_links_color":"","ocean_menu_social_hover_links_color":"","ocean_disable_title":"default","ocean_disable_heading":"default","ocean_post_title":"","ocean_post_subheading":"","ocean_post_title_style":"","ocean_post_title_background_color":"","ocean_post_title_background":0,"ocean_post_title_bg_image_position":"","ocean_post_title_bg_image_attachment":"","ocean_post_title_bg_image_repeat":"","ocean_post_title_bg_image_size":"","ocean_post_title_height":0,"ocean_post_title_bg_overlay":0.5,"ocean_post_title_bg_overlay_color":"","ocean_disable_breadcrumbs":"default","ocean_breadcrumbs_color":"","ocean_breadcrumbs_separator_color":"","ocean_breadcrumbs_links_color":"","ocean_breadcrumbs_links_hover_color":"","ocean_display_footer_widgets":"default","ocean_display_footer_bottom":"default","ocean_custom_footer_template":"","_mc_calendar":[],"footnotes":""},"class_list":["post-43","page","type-page","status-publish","hentry","entry"],"aioseo_notices":[],"_links":{"self":[{"href":"https:\/\/enfantsdumonde.be\/test\/wp-json\/wp\/v2\/pages\/43","targetHints":{"allow":["GET"]}}],"collection":[{"href":"https:\/\/enfantsdumonde.be\/test\/wp-json\/wp\/v2\/pages"}],"about":[{"href":"https:\/\/enfantsdumonde.be\/test\/wp-json\/wp\/v2\/types\/page"}],"author":[{"embeddable":true,"href":"https:\/\/enfantsdumonde.be\/test\/wp-json\/wp\/v2\/users\/5"}],"replies":[{"embeddable":true,"href":"https:\/\/enfantsdumonde.be\/test\/wp-json\/wp\/v2\/comments?post=43"}],"version-history":[{"count":5,"href":"https:\/\/enfantsdumonde.be\/test\/wp-json\/wp\/v2\/pages\/43\/revisions"}],"predecessor-version":[{"id":12556,"href":"https:\/\/enfantsdumonde.be\/test\/wp-json\/wp\/v2\/pages\/43\/revisions\/12556"}],"up":[{"embeddable":true,"href":"https:\/\/enfantsdumonde.be\/test\/wp-json\/wp\/v2\/pages\/15"}],"wp:attachment":[{"href":"https:\/\/enfantsdumonde.be\/test\/wp-json\/wp\/v2\/media?parent=43"}],"curies":[{"name":"wp","href":"https:\/\/api.w.org\/{rel}","templated":true}]}}

Haïti

<div data-elementor-type="wp-page" data-elementor-id="43" class="elementor elementor-43">
						<section class="elementor-section elementor-top-section elementor-element elementor-element-8fa5f31 elementor-section-boxed elementor-section-height-default elementor-section-height-default" data-id="8fa5f31" data-element_type="section" data-e-type="section">
						<div class="elementor-container elementor-column-gap-default">
					<div class="elementor-column elementor-col-100 elementor-top-column elementor-element elementor-element-2083c42" data-id="2083c42" data-element_type="column" data-e-type="column">
			<div class="elementor-widget-wrap elementor-element-populated">
						<div class="elementor-element elementor-element-b0d72d4 elementor-widget elementor-widget-image" data-id="b0d72d4" data-element_type="widget" data-e-type="widget" data-widget_type="image.default">
				<div class="elementor-widget-container">
															<img width="110" height="66"  class="attachment-large size-large wp-image-3364 lws-optimize-lazyload" alt="" / data-src="https://enfantsdumonde.be/test/wp-content/uploads/2021/03/Haiti-flag.svg_lwsoptimized.webp">															</div>
				</div>
				<div class="elementor-element elementor-element-d6e56ec elementor-widget elementor-widget-image" data-id="d6e56ec" data-element_type="widget" data-e-type="widget" data-widget_type="image.default">
				<div class="elementor-widget-container">
												<figure class="wp-caption">
										<img fetchpriority="high" width="1000" height="747"  class="attachment-large size-large wp-image-4973 lws-optimize-lazyload" alt="" srcset="https://enfantsdumonde.be/test/wp-content/uploads/2021/03/Haiti_road_map-fr.svg_lwsoptimized.webp 1000w, https://enfantsdumonde.be/test/wp-content/uploads/2021/03/Haiti_road_map-fr.svg_lwsoptimized-300x224.webp 300w, https://enfantsdumonde.be/test/wp-content/uploads/2021/03/Haiti_road_map-fr.svg_lwsoptimized-768x574.webp 768w" sizes="(max-width: 1000px) 100vw, 1000px" / data-src="https://enfantsdumonde.be/test/wp-content/uploads/2021/03/Haiti_road_map-fr.svg_lwsoptimized.webp">											<figcaption class="widget-image-caption wp-caption-text">© Rémi Kaupp, CC-BY-SA, Wikimedia Commons</figcaption>
										</figure>
									</div>
				</div>
					</div>
		</div>
					</div>
		</section>
				<section class="elementor-section elementor-top-section elementor-element elementor-element-2876370 elementor-section-boxed elementor-section-height-default elementor-section-height-default" data-id="2876370" data-element_type="section" data-e-type="section">
						<div class="elementor-container elementor-column-gap-default">
					<div class="elementor-column elementor-col-100 elementor-top-column elementor-element elementor-element-74078d3" data-id="74078d3" data-element_type="column" data-e-type="column">
			<div class="elementor-widget-wrap elementor-element-populated">
						<div class="elementor-element elementor-element-fd1de02 elementor-widget elementor-widget-text-editor" data-id="fd1de02" data-element_type="widget" data-e-type="widget" data-widget_type="text-editor.default">
				<div class="elementor-widget-container">
									<p><b>Haïti</b> est un État des Grandes Antilles, occupant le tiers occidental de l’île d&rsquo;Hispaniola (soit 27 750 <abbr class="abbr" title="kilomètre carré">km<sup>2</sup></abbr> environ), les deux tiers orientaux étant occupés par la République dominicaine. Sa capitale est Port-au-Prince et son point culminant est le pic la Selle (2 680 <abbr class="abbr" title="mètre">m</abbr> d’altitude).</p><p>Haïti, surnommée « la Perle des Antilles » depuis l&rsquo;époque coloniale, fait l&rsquo;expérience d&rsquo;une démocratie renaissante et tente de s’organiser et de se reconstruire après le violent séisme du <time class="nowrap" datetime="2010-01-12" data-sort-value="2010-01-12">12 janvier 2010.</time></p><p><a href="https://fr.wikipedia.org/wiki/Ha%C3%AFti" target="_blank" rel="noopener">https://fr.wikipedia.org/wiki/Haïti</a></p>								</div>
				</div>
					</div>
		</div>
					</div>
		</section>
				<section class="elementor-section elementor-top-section elementor-element elementor-element-db91fdc elementor-section-boxed elementor-section-height-default elementor-section-height-default" data-id="db91fdc" data-element_type="section" data-e-type="section">
						<div class="elementor-container elementor-column-gap-default">
					<div class="elementor-column elementor-col-100 elementor-top-column elementor-element elementor-element-78c7de9" data-id="78c7de9" data-element_type="column" data-e-type="column">
			<div class="elementor-widget-wrap elementor-element-populated">
						<div class="elementor-element elementor-element-bbe45d2 elementor-widget elementor-widget-heading" data-id="bbe45d2" data-element_type="widget" data-e-type="widget" data-widget_type="heading.default">
				<div class="elementor-widget-container">
					<h2 class="elementor-heading-title elementor-size-default">Nos maisons</h2>				</div>
				</div>
					</div>
		</div>
					</div>
		</section>
				<section class="elementor-section elementor-top-section elementor-element elementor-element-74dbe0f elementor-section-boxed elementor-section-height-default elementor-section-height-default" data-id="74dbe0f" data-element_type="section" data-e-type="section">
						<div class="elementor-container elementor-column-gap-default">
					<div class="elementor-column elementor-col-100 elementor-top-column elementor-element elementor-element-4a24b8f" data-id="4a24b8f" data-element_type="column" data-e-type="column">
			<div class="elementor-widget-wrap elementor-element-populated">
						<div class="elementor-element elementor-element-5579611 elementor-widget elementor-widget-text-editor" data-id="5579611" data-element_type="widget" data-e-type="widget" data-widget_type="text-editor.default">
				<div class="elementor-widget-container">
									<p><a href="https://www.enfantsdumonde.be/505-haitien-mon-frere//" target="_blank" rel="noopener">505 &#8211; Enfant </a><a href="https://www.enfantsdumonde.be/505-haitien-mon-frere//" target="_blank" rel="noopener">Haïtien </a><a href="https://www.enfantsdumonde.be/505-ehmf/" target="_blank" rel="noopener">Mon Frère  (EHMF)</a><br /><a href="https://www.enfantsdumonde.be/506-gonaives/" target="_blank" rel="noopener">506 &#8211; Les Gonaïves</a></p><div id="ConnectiveDocSignExtentionInstalled" data-extension-version="1.0.4"> </div>								</div>
				</div>
					</div>
		</div>
					</div>
		</section>
				</div>

<p>© Rémi Kaupp, CC-BY-SA, Wikimedia Commons Haïti est un État des Grandes Antilles, occupant le tiers occidental de l’île d&rsquo;Hispaniola (soit 27 750 km2 environ), les deux tiers orientaux étant occupés par la République dominicaine. Sa capitale est Port-au-Prince et son point culminant est le pic la Selle (2 680 m d’altitude). Haïti, surnommée « la Perle des Antilles » depuis [&hellip;]</p>
